{"id":604,"date":"2021-05-25T15:10:13","date_gmt":"2021-05-25T15:10:13","guid":{"rendered":"https:\/\/ruegheim.de\/index.php\/impressum-2\/"},"modified":"2021-05-25T15:20:53","modified_gmt":"2021-05-25T15:20:53","slug":"impressum-2","status":"publish","type":"page","link":"https:\/\/ruegheim.de\/index.php\/impressum-2\/","title":{"rendered":"Impressum"},"content":{"rendered":"\n    \n    <section class=\"u-clearfix u-grey-5 u-section-2\" id=\"carousel_9f2e\">\n      <div class=\"u-clearfix u-sheet u-sheet-1\">\n        <h6 class=\"u-text u-text-1\">Impressum<\/h6>\n        <div class=\"u-clearfix u-expanded-width u-layout-wrap u-layout-wrap-1\">\n          <div class=\"u-layout\">\n            <div class=\"u-layout-row\">\n              <div class=\"u-container-style u-layout-cell u-size-20 u-layout-cell-1\">\n                <div class=\"u-container-layout u-valign-bottom u-container-layout-1\">\n                  <h6 class=\"u-align-left u-text u-text-2\">Angaben gem\u00e4\u00df \u00a7 5 TMG:<\/h6>\n                  <div class=\"u-border-10 u-border-custom-color-2 u-line u-line-horizontal u-line-1\"><\/div>\n                  <h5 class=\"u-custom-font u-text u-text-font u-text-3\">F\u00f6rderverein Dorfgemeinschaft R\u00fcgheim e.V.<br>Raiffeisenstra\u00dfe 9<br>97461 R\u00fcgheim<br>\n                    <br>Vertreten durch:<br>Die Dorfgemeinschaft R\u00fcgheim wird vertreten durch den<br>1. Vorstand Herrn Siegfried Burger<br>2. Vorstand Herr Thomas Hein<br>\n                    <br>\n                  <\/h5>\n                <\/div>\n              <\/div>\n              <div class=\"u-container-style u-layout-cell u-size-20 u-layout-cell-2\">\n                <div class=\"u-container-layout u-valign-top u-container-layout-2\">\n                  <h6 class=\"u-text u-text-4\">Kontakt<\/h6>\n                  <p class=\"u-text u-text-5\">Telefon: 09523 6788<br>Telefax: 09523 501617<br>E-Mail: burger@ruegheim.de&nbsp;<br>\n                    <br>Registereintrag:<br>Eintragung im Vereinsregister.<br>\n                    <br>Registergericht: Amtsgericht Bamberg<br>\n                    <br>Registernummer: VR200567<br>\n                  <\/p>\n                <\/div>\n              <\/div>\n              <div class=\"u-container-style u-layout-cell u-size-20 u-layout-cell-3\">\n                <div class=\"u-container-layout u-container-layout-3\">\n                  <p class=\"u-text u-text-6\">Umsatzsteuer:<br>Umsatzsteuer-Identifikationsnummer gem\u00e4\u00df \u00a727 a Umsatzsteuergesetz:DE24911040839&nbsp;<br>\n                    <br>Angaben zur Berufshaftpflichtversicherung<br>Name und Sitz des Versicherers:<br>\n                    <br>Vereinshaftpflicht:Interlloyd<br>Postfach 300551<br>40405 D\u00fcsseldorf&nbsp;<br>\n                    <br>Geltungsraum der Versicherung: Deutschland \n                  <\/p>\n                <\/div>\n              <\/div>\n            <\/div>\n          <\/div>\n        <\/div>\n      <\/div>\n    <\/section>\n    <section class=\"u-clearfix u-grey-5 u-section-3\" id=\"sec-3192\">\n      <div class=\"u-clearfix u-sheet u-sheet-1\">\n        <h3 class=\"u-text u-text-1\">Streitschlichtung<\/h3>\n        <p class=\"u-text u-text-2\">Die Europ\u00e4ische Kommission stellt eine Plattform zur Online-Streitbeilegung (OS) bereit: https:\/\/ec.europa.eu\/consumers\/odr.<br>Unsere E-Mail-Adresse finden Sie oben im Impressum.&nbsp;<br>Wir sind nicht bereit oder verpflichtet, an Streitbeilegungsverfahren vor einer Verbraucherschlichtungsstelle teilzunehmen. \n        <\/p>\n      <\/div>\n    <\/section>\n    <section class=\"u-clearfix u-grey-5 u-section-4\" id=\"sec-ad3e\">\n      <div class=\"u-clearfix u-sheet u-sheet-1\">\n        <h3 class=\"u-text u-text-1\">Haftung f\u00fcr Inhalte<\/h3>\n        <p class=\"u-text u-text-2\">Als Diensteanbieter sind wir gem\u00e4\u00df \u00a7 7 Abs.1 TMG f\u00fcr eigene Inhalte auf diesen Seiten nach den allgemeinen Gesetzen verantwortlich. Nach \u00a7\u00a7 8 bis 10 TMG sind wir als Diensteanbieter jedoch nicht verpflichtet, \u00fcbermittelte oder gespeicherte fremde Informationen zu \u00fcberwachen oder nach Umst\u00e4nden zu forschen, die auf eine rechtswidrige T\u00e4tigkeit hinweisen.&nbsp;<br>\n          <br>Verpflichtungen zur Entfernung oder Sperrung der Nutzung von Informationen nach den allgemeinen Gesetzen bleiben hiervon unber\u00fchrt. Eine diesbez\u00fcgliche Haftung ist jedoch erst ab dem Zeitpunkt der Kenntnis einer konkreten Rechtsverletzung m\u00f6glich. Bei Bekanntwerden von entsprechenden Rechtsverletzungen werden wir diese Inhalte umgehend entfernen. \n        <\/p>\n      <\/div>\n    <\/section>\n    <section class=\"u-clearfix u-grey-5 u-section-5\" id=\"sec-d600\">\n      <div class=\"u-clearfix u-sheet u-sheet-1\">\n        <h3 class=\"u-text u-text-1\">Haftung f\u00fcr Links<\/h3>\n        <p class=\"u-text u-text-2\">Unser Angebot enth\u00e4lt Links zu externen Websites Dritter, auf deren Inhalte wir keinen Einfluss haben. Deshalb k\u00f6nnen wir f\u00fcr diese fremden Inhalte auch keine Gew\u00e4hr \u00fcbernehmen. F\u00fcr die Inhalte der verlinkten Seiten ist stets der jeweilige Anbieter oder Betreiber der Seiten verantwortlich. Die verlinkten Seiten wurden zum Zeitpunkt der Verlinkung auf m\u00f6gliche Rechtsverst\u00f6\u00dfe \u00fcberpr\u00fcft. Rechtswidrige Inhalte waren zum Zeitpunkt der Verlinkung nicht erkennbar.&nbsp;<br>\n          <br>Eine permanente inhaltliche Kontrolle der verlinkten Seiten ist jedoch ohne konkrete Anhaltspunkte einer Rechtsverletzung nicht zumutbar. Bei Bekanntwerden von Rechtsverletzungen werden wir derartige Links umgehend entfernen. \n        <\/p>\n      <\/div>\n    <\/section>\n    <section class=\"u-clearfix u-grey-5 u-section-6\" id=\"sec-73ab\">\n      <div class=\"u-clearfix u-sheet u-sheet-1\">\n        <h3 class=\"u-text u-text-1\">Urheberrecht<\/h3>\n        <p class=\"u-text u-text-2\">Die durch die Seitenbetreiber erstellten Inhalte und Werke auf diesen Seiten unterliegen dem deutschen Urheberrecht. Die Vervielf\u00e4ltigung, Bearbeitung, Verbreitung und jede Art der Verwertung au\u00dferhalb der Grenzen des Urheberrechtes bed\u00fcrfen der schriftlichen Zustimmung des jeweiligen Autors bzw. Erstellers. Downloads und Kopien dieser Seite sind nur f\u00fcr den privaten, nicht kommerziellen Gebrauch gestattet.&nbsp;<br>\n          <br>Soweit die Inhalte auf dieser Seite nicht vom Betreiber erstellt wurden, werden die Urheberrechte Dritter beachtet. Insbesondere werden Inhalte Dritter als solche gekennzeichnet.&nbsp;<br>\n          <br>Sollten Sie trotzdem auf eine Urheberrechtsverletzung aufmerksam werden, bitten wir um einen entsprechenden Hinweis. Bei Bekanntwerden von Rechtsverletzungen werden wir derartige Inhalte umgehend entfernen. \n        <\/p>\n      <\/div>\n    <\/section>\n    \n    \n  \n","protected":false},"excerpt":{"rendered":"<p>Impressum Angaben gem\u00e4\u00df \u00a7 5 TMG: F\u00f6rderverein Dorfgemeinschaft R\u00fcgheim e.V.Raiffeisenstra\u00dfe 997461 R\u00fcgheim Vertreten durch:Die Dorfgemeinschaft R\u00fcgheim wird vertreten durch den1. Vorstand Herrn Siegfried Burger2. Vorstand Herr Thomas Hein Kontakt Telefon: 09523 6788Telefax: 09523 501617E-Mail: burger@ruegheim.de&nbsp; Registereintrag:Eintragung im Vereinsregister. Registergericht: Amtsgericht Bamberg Registernummer: VR200567 Umsatzsteuer:Umsatzsteuer-Identifikationsnummer gem\u00e4\u00df \u00a727 a Umsatzsteuergesetz:DE24911040839&nbsp; Angaben zur BerufshaftpflichtversicherungName und Sitz des Versicherers: &hellip; <a href=\"https:\/\/ruegheim.de\/index.php\/impressum-2\/\" class=\"more-link\">Continue reading<span class=\"screen-reader-text\"> &#8222;Impressum&#8220;<\/span><\/a><\/p>\n","protected":false},"author":1,"featured_media":0,"parent":0,"menu_order":1,"comment_status":"closed","ping_status":"closed","template":"","meta":[],"_links":{"self":[{"href":"https:\/\/ruegheim.de\/index.php\/wp-json\/wp\/v2\/pages\/604"}],"collection":[{"href":"https:\/\/ruegheim.de\/index.php\/wp-json\/wp\/v2\/pages"}],"about":[{"href":"https:\/\/ruegheim.de\/index.php\/wp-json\/wp\/v2\/types\/page"}],"author":[{"embeddable":true,"href":"https:\/\/ruegheim.de\/index.php\/wp-json\/wp\/v2\/users\/1"}],"replies":[{"embeddable":true,"href":"https:\/\/ruegheim.de\/index.php\/wp-json\/wp\/v2\/comments?post=604"}],"version-history":[{"count":2,"href":"https:\/\/ruegheim.de\/index.php\/wp-json\/wp\/v2\/pages\/604\/revisions"}],"predecessor-version":[{"id":668,"href":"https:\/\/ruegheim.de\/index.php\/wp-json\/wp\/v2\/pages\/604\/revisions\/668"}],"wp:attachment":[{"href":"https:\/\/ruegheim.de\/index.php\/wp-json\/wp\/v2\/media?parent=604"}],"curies":[{"name":"wp","href":"https:\/\/api.w.org\/{rel}","templated":true}]}}

<section class="u-clearfix u-grey-5 u-section-2" id="carousel_9f2e">
      <div class="u-clearfix u-sheet u-sheet-1">
        <h6 class="u-text u-text-1">Impressum</h6>
        <div class="u-clearfix u-expanded-width u-layout-wrap u-layout-wrap-1">
          <div class="u-layout">
            <div class="u-layout-row">
              <div class="u-container-style u-layout-cell u-size-20 u-layout-cell-1">
                <div class="u-container-layout u-valign-bottom u-container-layout-1">
                  <h6 class="u-align-left u-text u-text-2">Angaben gemäß § 5 TMG:</h6>
                  <div class="u-border-10 u-border-custom-color-2 u-line u-line-horizontal u-line-1"></div>
                  <h5 class="u-custom-font u-text u-text-font u-text-3">Förderverein Dorfgemeinschaft Rügheim e.V.<br>Raiffeisenstraße 9<br>97461 Rügheim<br>
                    <br>Vertreten durch:<br>Die Dorfgemeinschaft Rügheim wird vertreten durch den<br>1. Vorstand Herrn Siegfried Burger<br>2. Vorstand Herr Thomas Hein<br>
                    <br>
                  </h5>
                </div>
              </div>
              <div class="u-container-style u-layout-cell u-size-20 u-layout-cell-2">
                <div class="u-container-layout u-valign-top u-container-layout-2">
                  <h6 class="u-text u-text-4">Kontakt</h6>
                  <p class="u-text u-text-5">Telefon: 09523 6788<br>Telefax: 09523 501617<br>E-Mail: burger@ruegheim.de&nbsp;<br>
                    <br>Registereintrag:<br>Eintragung im Vereinsregister.<br>
                    <br>Registergericht: Amtsgericht Bamberg<br>
                    <br>Registernummer: VR200567<br>
                  </p>
                </div>
              </div>
              <div class="u-container-style u-layout-cell u-size-20 u-layout-cell-3">
                <div class="u-container-layout u-container-layout-3">
                  <p class="u-text u-text-6">Umsatzsteuer:<br>Umsatzsteuer-Identifikationsnummer gemäß §27 a Umsatzsteuergesetz:DE24911040839&nbsp;<br>
                    <br>Angaben zur Berufshaftpflichtversicherung<br>Name und Sitz des Versicherers:<br>
                    <br>Vereinshaftpflicht:Interlloyd<br>Postfach 300551<br>40405 Düsseldorf&nbsp;<br>
                    <br>Geltungsraum der Versicherung: Deutschland 
                  </p>
                </div>
              </div>
            </div>
          </div>
        </div>
      </div>
    </section>
    <section class="u-clearfix u-grey-5 u-section-3" id="sec-3192">
      <div class="u-clearfix u-sheet u-sheet-1">
        <h3 class="u-text u-text-1">Streitschlichtung</h3>
        <p class="u-text u-text-2">Die Europäische Kommission stellt eine Plattform zur Online-Streitbeilegung (OS) bereit: https://ec.europa.eu/consumers/odr.<br>Unsere E-Mail-Adresse finden Sie oben im Impressum.&nbsp;<br>Wir sind nicht bereit oder verpflichtet, an Streitbeilegungsverfahren vor einer Verbraucherschlichtungsstelle teilzunehmen. 
        </p>
      </div>
    </section>
    <section class="u-clearfix u-grey-5 u-section-4" id="sec-ad3e">
      <div class="u-clearfix u-sheet u-sheet-1">
        <h3 class="u-text u-text-1">Haftung für Inhalte</h3>
        <p class="u-text u-text-2">Als Diensteanbieter sind wir gemäß § 7 Abs.1 TMG für eigene Inhalte auf diesen Seiten nach den allgemeinen Gesetzen verantwortlich. Nach §§ 8 bis 10 TMG sind wir als Diensteanbieter jedoch nicht verpflichtet, übermittelte oder gespeicherte fremde Informationen zu überwachen oder nach Umständen zu forschen, die auf eine rechtswidrige Tätigkeit hinweisen.&nbsp;<br>
          <br>Verpflichtungen zur Entfernung oder Sperrung der Nutzung von Informationen nach den allgemeinen Gesetzen bleiben hiervon unberührt. Eine diesbezügliche Haftung ist jedoch erst ab dem Zeitpunkt der Kenntnis einer konkreten Rechtsverletzung möglich. Bei Bekanntwerden von entsprechenden Rechtsverletzungen werden wir diese Inhalte umgehend entfernen. 
        </p>
      </div>
    </section>
    <section class="u-clearfix u-grey-5 u-section-5" id="sec-d600">
      <div class="u-clearfix u-sheet u-sheet-1">
        <h3 class="u-text u-text-1">Haftung für Links</h3>
        <p class="u-text u-text-2">Unser Angebot enthält Links zu externen Websites Dritter, auf deren Inhalte wir keinen Einfluss haben. Deshalb können wir für diese fremden Inhalte auch keine Gewähr übernehmen. Für die Inhalte der verlinkten Seiten ist stets der jeweilige Anbieter oder Betreiber der Seiten verantwortlich. Die verlinkten Seiten wurden zum Zeitpunkt der Verlinkung auf mögliche Rechtsverstöße überprüft. Rechtswidrige Inhalte waren zum Zeitpunkt der Verlinkung nicht erkennbar.&nbsp;<br>
          <br>Eine permanente inhaltliche Kontrolle der verlinkten Seiten ist jedoch ohne konkrete Anhaltspunkte einer Rechtsverletzung nicht zumutbar. Bei Bekanntwerden von Rechtsverletzungen werden wir derartige Links umgehend entfernen. 
        </p>
      </div>
    </section>
    <section class="u-clearfix u-grey-5 u-section-6" id="sec-73ab">
      <div class="u-clearfix u-sheet u-sheet-1">
        <h3 class="u-text u-text-1">Urheberrecht</h3>
        <p class="u-text u-text-2">Die durch die Seitenbetreiber erstellten Inhalte und Werke auf diesen Seiten unterliegen dem deutschen Urheberrecht. Die Vervielfältigung, Bearbeitung, Verbreitung und jede Art der Verwertung außerhalb der Grenzen des Urheberrechtes bedürfen der schriftlichen Zustimmung des jeweiligen Autors bzw. Erstellers. Downloads und Kopien dieser Seite sind nur für den privaten, nicht kommerziellen Gebrauch gestattet.&nbsp;<br>
          <br>Soweit die Inhalte auf dieser Seite nicht vom Betreiber erstellt wurden, werden die Urheberrechte Dritter beachtet. Insbesondere werden Inhalte Dritter als solche gekennzeichnet.&nbsp;<br>
          <br>Sollten Sie trotzdem auf eine Urheberrechtsverletzung aufmerksam werden, bitten wir um einen entsprechenden Hinweis. Bei Bekanntwerden von Rechtsverletzungen werden wir derartige Inhalte umgehend entfernen. 
        </p>
      </div>
    </section>

<p>Impressum Angaben gemäß § 5 TMG: Förderverein Dorfgemeinschaft Rügheim e.V.Raiffeisenstraße 997461 Rügheim Vertreten durch:Die Dorfgemeinschaft Rügheim wird vertreten durch den1. Vorstand Herrn Siegfried Burger2. Vorstand Herr Thomas Hein Kontakt Telefon: 09523 6788Telefax: 09523 501617E-Mail: burger@ruegheim.de&nbsp; Registereintrag:Eintragung im Vereinsregister. Registergericht: Amtsgericht Bamberg Registernummer: VR200567 Umsatzsteuer:Umsatzsteuer-Identifikationsnummer gemäß §27 a Umsatzsteuergesetz:DE24911040839&nbsp; Angaben zur BerufshaftpflichtversicherungName und Sitz des Versicherers: &hellip; <a href="https://ruegheim.de/index.php/impressum-2/" class="more-link">Continue reading<span class="screen-reader-text"> &#8222;Impressum&#8220;</span></a></p>
