{"id":608,"date":"2021-05-25T15:10:17","date_gmt":"2021-05-25T15:10:17","guid":{"rendered":"https:\/\/ruegheim.de\/index.php\/1200-jahre-2\/"},"modified":"2021-05-26T15:47:13","modified_gmt":"2021-05-26T15:47:13","slug":"1200-jahre-2","status":"publish","type":"page","link":"https:\/\/ruegheim.de\/index.php\/1200-jahre-2\/","title":{"rendered":"1200 Jahre"},"content":{"rendered":"\n    \n    <section class=\"u-clearfix u-custom-color-4 u-section-2\" id=\"carousel_db0e\">\n      <div class=\"u-clearfix u-sheet u-valign-middle-lg u-sheet-1\">\n        <h2 class=\"u-text u-text-white u-text-1\">1200 Jahre R\u00fcgheim<\/h2>\n        <p class=\"u-text u-text-body-color u-text-2\">R\u00fcgheim wurde erstmals 814 urkundlich erw\u00e4hnt und feierte daher im Jahr 2014 sein 1200-j\u00e4hriges Wiegenfest. Mit Er\u00f6ffnung des Jubil\u00e4umsjahres wurde die Dorfchronik bei einem Neujahrsempfang am 5. Januar der \u00d6ffentlichkeit vorgestellt und danach zum Kauf freigegeben. Des weiteren wurde der unterfr\u00e4nkischer Kirchentag, der eigentlich nur in gr\u00f6\u00dferen St\u00e4dten stattfindet, in R\u00fcgheim abgehalten. H\u00f6hepunkt war der Besuch des evangelischen Bischof von Bayern. Weiterhin fand auch ein gro\u00dfer historischer Markttag, ein Tag im Zeichen der Landwirtschaft und ein Sporttag statt. Au\u00dferdem gab es ein Fussballspiel der UWE SEELER TRADITIONSMANNSCHAFT gegen eine AH-Auswahl aus dem Hofheimer Land.<br>\n        <\/p>\n      <\/div>\n    <\/section>\n    <section class=\"u-align-center u-clearfix u-custom-color-1 u-valign-middle-xs u-valign-top-xl u-section-3\" id=\"carousel_15d0\">\n      <img class=\"u-expanded-width u-image u-image-1\" src=\"https:\/\/ruegheim.de\/wp-content\/uploads\/2021\/05\/1200_Jahrmarkt_19811-1.jpg\" data-image-width=\"960\" data-image-height=\"640\">\n      <div class=\"u-list u-list-1\">\n        <div class=\"u-repeater u-repeater-1\">\n          <div class=\"u-container-style u-custom-color-4 u-list-item u-repeater-item u-shape-rectangle u-list-item-1\">\n            <div class=\"u-container-layout u-similar-container u-valign-top-sm u-valign-top-xs u-container-layout-1\">\n              <img alt=\"\" class=\"u-border-12 u-border-white u-image u-image-default u-image-2\" src=\"https:\/\/ruegheim.de\/wp-content\/uploads\/2021\/05\/1200_Jahrmarkt_3021-1.jpg\" data-image-width=\"960\" data-image-height=\"640\">\n              <div class=\"u-container-style u-group u-white u-group-1\">\n                <div class=\"u-container-layout u-valign-top u-container-layout-2\">\n                  <h4 class=\"u-align-center u-text u-text-1\">Jahrmarkt durch die Jahrhunderte<\/h4>\n                  <p class=\"u-align-center u-text u-text-2\"> Marktreiben im gesamten Ortskern mit:\nJagdhornbl\u00e4ser | Zauberer | Modenschau\nMittelalterband \u201eMinniglich\u201c | Kunsthandwerker\nund H\u00e4ndler | HOH-Classic Hofheimer-Oldtimer-\nHonoratioren | Modellfl ieger | Jagd- und Fischereiausstellung\n| Mittelalterspektakel ...&nbsp;<\/p>\n                <\/div>\n              <\/div>\n            <\/div>\n          <\/div>\n          <div class=\"u-container-style u-custom-color-4 u-list-item u-repeater-item u-shape-rectangle u-video-cover u-list-item-2\">\n            <div class=\"u-container-layout u-similar-container u-valign-top-sm u-valign-top-xs u-container-layout-3\">\n              <img alt=\"\" class=\"u-border-12 u-border-white u-image u-image-default u-image-3\" src=\"https:\/\/ruegheim.de\/wp-content\/uploads\/2021\/05\/Landwirtschaft_0931-1.jpg\" data-image-width=\"960\" data-image-height=\"640\">\n              <div class=\"u-container-style u-group u-white u-group-2\">\n                <div class=\"u-container-layout u-valign-top u-container-layout-4\">\n                  <h4 class=\"u-align-center u-text u-text-3\"> Landwirtschaftstag <\/h4>\n                  <p class=\"u-align-center u-text u-text-4\"> mit der Fa. CLAAS und den Bulldog-Oldtimerfreunden Ha\u00dfberge<br>\n                    <br>&nbsp;Vorfu\u0308hrungen<br>&nbsp;Vorfu\u0308hrungen am Feld&nbsp;<br>\n                    <br>Podiumsdiskussion im Zelt\nThema: \u201cWachstum auf Kosten der Sch\u00f6pfung\u201c&nbsp;<br>\n                    <br>&nbsp;\u201eRu\u0308gheimer Abend\u201c mit der\nStimmungsband AISCHZEIT&nbsp; \n                  <\/p>\n                <\/div>\n              <\/div>\n            <\/div>\n          <\/div>\n          <div class=\"u-container-style u-custom-color-4 u-list-item u-repeater-item u-shape-rectangle u-video-cover u-list-item-3\">\n            <div class=\"u-container-layout u-similar-container u-valign-top-sm u-valign-top-xs u-container-layout-5\">\n              <img alt=\"\" class=\"u-border-12 u-border-white u-image u-image-default u-image-4\" src=\"https:\/\/ruegheim.de\/wp-content\/uploads\/2021\/05\/Landwirtschaft_0091-1.jpg\" data-image-width=\"960\" data-image-height=\"640\">\n              <div class=\"u-container-style u-group u-white u-group-3\">\n                <div class=\"u-container-layout u-valign-top u-container-layout-6\">\n                  <h4 class=\"u-align-center u-text u-text-5\"> Siebenertrag <\/h4>\n                  <p class=\"u-align-center u-text u-text-6\"> Einzug der Siebener&nbsp;<br>\n                    <br>&nbsp;Festgottesdienst<br>\n                    <br>Mittagsessen<br>\n                    <br>Konzert \u201eCarmina Burana\u201c<br>im Festzelt \n                  <\/p>\n                <\/div>\n              <\/div>\n            <\/div>\n          <\/div>\n        <\/div>\n      <\/div>\n    <\/section>\n    <section class=\"u-align-center u-clearfix u-custom-color-1 u-section-4\" id=\"carousel_41ff\">\n      <div class=\"u-clearfix u-sheet u-valign-top-xs u-sheet-1\">\n        <div class=\"u-expanded-width-lg u-expanded-width-md u-expanded-width-sm u-expanded-width-xs u-list u-list-1\">\n          <div class=\"u-repeater u-repeater-1\">\n            <div class=\"u-container-style u-custom-color-4 u-list-item u-repeater-item u-shape-rectangle u-list-item-1\">\n              <div class=\"u-container-layout u-similar-container u-valign-top-md u-valign-top-sm u-valign-top-xl u-container-layout-1\">\n                <img alt=\"\" class=\"u-border-12 u-border-white u-expanded-width-xl u-image u-image-default u-image-1\" src=\"https:\/\/ruegheim.de\/wp-content\/uploads\/2021\/05\/RUGHEIMJUBILAUMKIRCHENTAGNEUBILDCAMA20140601A1111-1.jpg\" data-image-width=\"960\" data-image-height=\"642\">\n                <div class=\"u-align-center u-container-style u-group u-white u-group-1\">\n                  <div class=\"u-container-layout u-valign-top u-container-layout-2\">\n                    <h4 class=\"u-text u-text-1\"> Unterfr\u00e4nkischer\nEvangelischer Kirchentag <\/h4>\n                    <p class=\"u-text u-text-2\"> Festgottesdienst mit Landesbischof\nDr. Heinrich Bedford-Strohm&nbsp;<br>&nbsp;Kirchentagsprogramm mit musikalischen\nVeranstaltungen, Podiumsgespr\u00e4che, St\u00e4nde mit\nPr\u00e4sentationen, Aktionen fu\u0308r Kinder, Ausstellung<br>Abschlussandacht \n                    <\/p>\n                  <\/div>\n                <\/div>\n              <\/div>\n            <\/div>\n            <div class=\"u-container-style u-custom-color-4 u-list-item u-repeater-item u-shape-rectangle u-video-cover u-list-item-2\">\n              <div class=\"u-container-layout u-similar-container u-valign-top-md u-valign-top-sm u-valign-top-xl u-container-layout-3\">\n                <img alt=\"\" class=\"u-border-12 u-border-white u-expanded-width-xl u-image u-image-default u-image-2\" src=\"https:\/\/ruegheim.de\/wp-content\/uploads\/2021\/05\/ZUMBA_0151-1.jpg\" data-image-width=\"960\" data-image-height=\"640\">\n                <div class=\"u-align-center u-container-style u-group u-white u-group-2\">\n                  <div class=\"u-container-layout u-valign-top u-container-layout-4\">\n                    <h4 class=\"u-text u-text-3\"> Sporttag <\/h4>\n                    <p class=\"u-text u-text-4\"> Gymnastiktreff&nbsp;<br>ZUMBA&nbsp;<br>\n                      <br>Festendspurt\nmit der Partyband<br>HEIMSPIEL \n                    <\/p>\n                  <\/div>\n                <\/div>\n              <\/div>\n            <\/div>\n            <div class=\"u-container-style u-custom-color-4 u-list-item u-repeater-item u-shape-rectangle u-video-cover u-list-item-3\">\n              <div class=\"u-container-layout u-similar-container u-valign-top-md u-valign-top-sm u-valign-top-xl u-container-layout-5\">\n                <img alt=\"\" class=\"u-border-12 u-border-white u-expanded-width-xl u-image u-image-default u-image-3\" src=\"https:\/\/ruegheim.de\/wp-content\/uploads\/2021\/05\/1200_UST2861-1.jpg\" data-image-width=\"960\" data-image-height=\"640\">\n                <div class=\"u-align-center u-container-style u-group u-white u-group-3\">\n                  <div class=\"u-container-layout u-valign-top u-container-layout-6\">\n                    <h4 class=\"u-text u-text-5\">Fussballspiel<br>Uwe Seeler Traditionself \n                    <\/h4>\n                    <p class=\"u-text u-text-6\">Fussballspiel der&nbsp;<br>UWE SEELER TRADITIONSMANNSCHAFT&nbsp;<br>gegen eine AH-Auswahl aus dem Hofheimer Land \n                    <\/p>\n                  <\/div>\n                <\/div>\n              <\/div>\n            <\/div>\n          <\/div>\n        <\/div>\n      <\/div>\n    <\/section>\n    <section class=\"u-clearfix u-section-5\" id=\"carousel_96a4\">\n      <div class=\"u-custom-color-1 u-expanded-width u-shape u-shape-rectangle u-shape-1\"><\/div>\n      <div class=\"u-clearfix u-gutter-20 u-layout-wrap u-layout-wrap-1\">\n        <div class=\"u-gutter-0 u-layout\">\n          <div class=\"u-layout-row\">\n            <div class=\"u-size-26\">\n              <div class=\"u-layout-col\">\n                <div class=\"u-align-left u-container-style u-image u-layout-cell u-left-cell u-size-60 u-image-1\" data-image-width=\"3456\" data-image-height=\"5184\">\n                  <div class=\"u-container-layout u-valign-bottom\" src=\"\"><\/div>\n                <\/div>\n              <\/div>\n            <\/div>\n            <div class=\"u-size-34\">\n              <div class=\"u-layout-col\">\n                <div class=\"u-align-left u-container-style u-layout-cell u-right-cell u-size-24 u-layout-cell-2\">\n                  <div class=\"u-container-layout u-valign-top u-container-layout-2\">\n                    <h6 class=\"u-text u-text-1\">Impressionen<\/h6>\n                    <h2 class=\"u-text u-text-custom-color-2 u-text-2\">12oo Jahrfeier<\/h2>\n                    <p class=\"u-text u-text-3\">weiter Eindr\u00fccke vom gelungenen Festwochenende 2014 und vom Jubil\u00e4umsjahr finden Sie in der Rubrik Bilder &amp; Impressionen<\/p>\n                    <a href=\"https:\/\/ruegheim.de\/index.php\/bilder-2\/\" class=\"u-align-center u-btn u-button-style u-custom-color-1 u-hover-custom-color-2 u-btn-1\">zu den Bildern<\/a>\n                  <\/div>\n                <\/div>\n                <div class=\"u-align-left u-container-style u-layout-cell u-right-cell u-size-36 u-layout-cell-3\">\n                  <div class=\"u-container-layout u-container-layout-3\">\n                    <img src=\"https:\/\/ruegheim.de\/wp-content\/uploads\/2021\/05\/Landwirtschaft_043-3.jpg\" alt=\"\" class=\"u-align-left u-expanded-width u-image u-image-2\" data-image-width=\"1600\" data-image-height=\"1067\">\n                  <\/div>\n                <\/div>\n              <\/div>\n            <\/div>\n          <\/div>\n        <\/div>\n      <\/div>\n    <\/section>\n    \n    \n  \n","protected":false},"excerpt":{"rendered":"<p>1200 Jahre R\u00fcgheim R\u00fcgheim wurde erstmals 814 urkundlich erw\u00e4hnt und feierte daher im Jahr 2014 sein 1200-j\u00e4hriges Wiegenfest. Mit Er\u00f6ffnung des Jubil\u00e4umsjahres wurde die Dorfchronik bei einem Neujahrsempfang am 5. Januar der \u00d6ffentlichkeit vorgestellt und danach zum Kauf freigegeben. Des weiteren wurde der unterfr\u00e4nkischer Kirchentag, der eigentlich nur in gr\u00f6\u00dferen St\u00e4dten stattfindet, in R\u00fcgheim abgehalten. &hellip; <a href=\"https:\/\/ruegheim.de\/index.php\/1200-jahre-2\/\" class=\"more-link\">Continue reading<span class=\"screen-reader-text\"> &#8222;1200 Jahre&#8220;<\/span><\/a><\/p>\n","protected":false},"author":1,"featured_media":0,"parent":0,"menu_order":5,"comment_status":"closed","ping_status":"closed","template":"","meta":[],"_links":{"self":[{"href":"https:\/\/ruegheim.de\/index.php\/wp-json\/wp\/v2\/pages\/608"}],"collection":[{"href":"https:\/\/ruegheim.de\/index.php\/wp-json\/wp\/v2\/pages"}],"about":[{"href":"https:\/\/ruegheim.de\/index.php\/wp-json\/wp\/v2\/types\/page"}],"author":[{"embeddable":true,"href":"https:\/\/ruegheim.de\/index.php\/wp-json\/wp\/v2\/users\/1"}],"replies":[{"embeddable":true,"href":"https:\/\/ruegheim.de\/index.php\/wp-json\/wp\/v2\/comments?post=608"}],"version-history":[{"count":2,"href":"https:\/\/ruegheim.de\/index.php\/wp-json\/wp\/v2\/pages\/608\/revisions"}],"predecessor-version":[{"id":693,"href":"https:\/\/ruegheim.de\/index.php\/wp-json\/wp\/v2\/pages\/608\/revisions\/693"}],"wp:attachment":[{"href":"https:\/\/ruegheim.de\/index.php\/wp-json\/wp\/v2\/media?parent=608"}],"curies":[{"name":"wp","href":"https:\/\/api.w.org\/{rel}","templated":true}]}}

<section class="u-clearfix u-custom-color-4 u-section-2" id="carousel_db0e">
      <div class="u-clearfix u-sheet u-valign-middle-lg u-sheet-1">
        <h2 class="u-text u-text-white u-text-1">1200 Jahre Rügheim</h2>
        <p class="u-text u-text-body-color u-text-2">Rügheim wurde erstmals 814 urkundlich erwähnt und feierte daher im Jahr 2014 sein 1200-jähriges Wiegenfest. Mit Eröffnung des Jubiläumsjahres wurde die Dorfchronik bei einem Neujahrsempfang am 5. Januar der Öffentlichkeit vorgestellt und danach zum Kauf freigegeben. Des weiteren wurde der unterfränkischer Kirchentag, der eigentlich nur in größeren Städten stattfindet, in Rügheim abgehalten. Höhepunkt war der Besuch des evangelischen Bischof von Bayern. Weiterhin fand auch ein großer historischer Markttag, ein Tag im Zeichen der Landwirtschaft und ein Sporttag statt. Außerdem gab es ein Fussballspiel der UWE SEELER TRADITIONSMANNSCHAFT gegen eine AH-Auswahl aus dem Hofheimer Land.<br>
        </p>
      </div>
    </section>
    <section class="u-align-center u-clearfix u-custom-color-1 u-valign-middle-xs u-valign-top-xl u-section-3" id="carousel_15d0">
      <img class="u-expanded-width u-image u-image-1" src="https://ruegheim.de/wp-content/uploads/2021/05/1200_Jahrmarkt_19811-1.jpg" data-image-width="960" data-image-height="640">
      <div class="u-list u-list-1">
        <div class="u-repeater u-repeater-1">
          <div class="u-container-style u-custom-color-4 u-list-item u-repeater-item u-shape-rectangle u-list-item-1">
            <div class="u-container-layout u-similar-container u-valign-top-sm u-valign-top-xs u-container-layout-1">
              <img alt="" class="u-border-12 u-border-white u-image u-image-default u-image-2" src="https://ruegheim.de/wp-content/uploads/2021/05/1200_Jahrmarkt_3021-1.jpg" data-image-width="960" data-image-height="640">
              <div class="u-container-style u-group u-white u-group-1">
                <div class="u-container-layout u-valign-top u-container-layout-2">
                  <h4 class="u-align-center u-text u-text-1">Jahrmarkt durch die Jahrhunderte</h4>
                  <p class="u-align-center u-text u-text-2"> Marktreiben im gesamten Ortskern mit:
Jagdhornbläser | Zauberer | Modenschau
Mittelalterband „Minniglich“ | Kunsthandwerker
und Händler | HOH-Classic Hofheimer-Oldtimer-
Honoratioren | Modellfl ieger | Jagd- und Fischereiausstellung
| Mittelalterspektakel ...&nbsp;</p>
                </div>
              </div>
            </div>
          </div>
          <div class="u-container-style u-custom-color-4 u-list-item u-repeater-item u-shape-rectangle u-video-cover u-list-item-2">
            <div class="u-container-layout u-similar-container u-valign-top-sm u-valign-top-xs u-container-layout-3">
              <img alt="" class="u-border-12 u-border-white u-image u-image-default u-image-3" src="https://ruegheim.de/wp-content/uploads/2021/05/Landwirtschaft_0931-1.jpg" data-image-width="960" data-image-height="640">
              <div class="u-container-style u-group u-white u-group-2">
                <div class="u-container-layout u-valign-top u-container-layout-4">
                  <h4 class="u-align-center u-text u-text-3"> Landwirtschaftstag </h4>
                  <p class="u-align-center u-text u-text-4"> mit der Fa. CLAAS und den Bulldog-Oldtimerfreunden Haßberge<br>
                    <br>&nbsp;Vorführungen<br>&nbsp;Vorführungen am Feld&nbsp;<br>
                    <br>Podiumsdiskussion im Zelt
Thema: “Wachstum auf Kosten der Schöpfung“&nbsp;<br>
                    <br>&nbsp;„Rügheimer Abend“ mit der
Stimmungsband AISCHZEIT&nbsp; 
                  </p>
                </div>
              </div>
            </div>
          </div>
          <div class="u-container-style u-custom-color-4 u-list-item u-repeater-item u-shape-rectangle u-video-cover u-list-item-3">
            <div class="u-container-layout u-similar-container u-valign-top-sm u-valign-top-xs u-container-layout-5">
              <img alt="" class="u-border-12 u-border-white u-image u-image-default u-image-4" src="https://ruegheim.de/wp-content/uploads/2021/05/Landwirtschaft_0091-1.jpg" data-image-width="960" data-image-height="640">
              <div class="u-container-style u-group u-white u-group-3">
                <div class="u-container-layout u-valign-top u-container-layout-6">
                  <h4 class="u-align-center u-text u-text-5"> Siebenertrag </h4>
                  <p class="u-align-center u-text u-text-6"> Einzug der Siebener&nbsp;<br>
                    <br>&nbsp;Festgottesdienst<br>
                    <br>Mittagsessen<br>
                    <br>Konzert „Carmina Burana“<br>im Festzelt 
                  </p>
                </div>
              </div>
            </div>
          </div>
        </div>
      </div>
    </section>
    <section class="u-align-center u-clearfix u-custom-color-1 u-section-4" id="carousel_41ff">
      <div class="u-clearfix u-sheet u-valign-top-xs u-sheet-1">
        <div class="u-expanded-width-lg u-expanded-width-md u-expanded-width-sm u-expanded-width-xs u-list u-list-1">
          <div class="u-repeater u-repeater-1">
            <div class="u-container-style u-custom-color-4 u-list-item u-repeater-item u-shape-rectangle u-list-item-1">
              <div class="u-container-layout u-similar-container u-valign-top-md u-valign-top-sm u-valign-top-xl u-container-layout-1">
                <img alt="" class="u-border-12 u-border-white u-expanded-width-xl u-image u-image-default u-image-1" src="https://ruegheim.de/wp-content/uploads/2021/05/RUGHEIMJUBILAUMKIRCHENTAGNEUBILDCAMA20140601A1111-1.jpg" data-image-width="960" data-image-height="642">
                <div class="u-align-center u-container-style u-group u-white u-group-1">
                  <div class="u-container-layout u-valign-top u-container-layout-2">
                    <h4 class="u-text u-text-1"> Unterfränkischer
Evangelischer Kirchentag </h4>
                    <p class="u-text u-text-2"> Festgottesdienst mit Landesbischof
Dr. Heinrich Bedford-Strohm&nbsp;<br>&nbsp;Kirchentagsprogramm mit musikalischen
Veranstaltungen, Podiumsgespräche, Stände mit
Präsentationen, Aktionen für Kinder, Ausstellung<br>Abschlussandacht 
                    </p>
                  </div>
                </div>
              </div>
            </div>
            <div class="u-container-style u-custom-color-4 u-list-item u-repeater-item u-shape-rectangle u-video-cover u-list-item-2">
              <div class="u-container-layout u-similar-container u-valign-top-md u-valign-top-sm u-valign-top-xl u-container-layout-3">
                <img alt="" class="u-border-12 u-border-white u-expanded-width-xl u-image u-image-default u-image-2" src="https://ruegheim.de/wp-content/uploads/2021/05/ZUMBA_0151-1.jpg" data-image-width="960" data-image-height="640">
                <div class="u-align-center u-container-style u-group u-white u-group-2">
                  <div class="u-container-layout u-valign-top u-container-layout-4">
                    <h4 class="u-text u-text-3"> Sporttag </h4>
                    <p class="u-text u-text-4"> Gymnastiktreff&nbsp;<br>ZUMBA&nbsp;<br>
                      <br>Festendspurt
mit der Partyband<br>HEIMSPIEL 
                    </p>
                  </div>
                </div>
              </div>
            </div>
            <div class="u-container-style u-custom-color-4 u-list-item u-repeater-item u-shape-rectangle u-video-cover u-list-item-3">
              <div class="u-container-layout u-similar-container u-valign-top-md u-valign-top-sm u-valign-top-xl u-container-layout-5">
                <img alt="" class="u-border-12 u-border-white u-expanded-width-xl u-image u-image-default u-image-3" src="https://ruegheim.de/wp-content/uploads/2021/05/1200_UST2861-1.jpg" data-image-width="960" data-image-height="640">
                <div class="u-align-center u-container-style u-group u-white u-group-3">
                  <div class="u-container-layout u-valign-top u-container-layout-6">
                    <h4 class="u-text u-text-5">Fussballspiel<br>Uwe Seeler Traditionself 
                    </h4>
                    <p class="u-text u-text-6">Fussballspiel der&nbsp;<br>UWE SEELER TRADITIONSMANNSCHAFT&nbsp;<br>gegen eine AH-Auswahl aus dem Hofheimer Land 
                    </p>
                  </div>
                </div>
              </div>
            </div>
          </div>
        </div>
      </div>
    </section>
    <section class="u-clearfix u-section-5" id="carousel_96a4">
      <div class="u-custom-color-1 u-expanded-width u-shape u-shape-rectangle u-shape-1"></div>
      <div class="u-clearfix u-gutter-20 u-layout-wrap u-layout-wrap-1">
        <div class="u-gutter-0 u-layout">
          <div class="u-layout-row">
            <div class="u-size-26">
              <div class="u-layout-col">
                <div class="u-align-left u-container-style u-image u-layout-cell u-left-cell u-size-60 u-image-1" data-image-width="3456" data-image-height="5184">
                  <div class="u-container-layout u-valign-bottom" src=""></div>
                </div>
              </div>
            </div>
            <div class="u-size-34">
              <div class="u-layout-col">
                <div class="u-align-left u-container-style u-layout-cell u-right-cell u-size-24 u-layout-cell-2">
                  <div class="u-container-layout u-valign-top u-container-layout-2">
                    <h6 class="u-text u-text-1">Impressionen</h6>
                    <h2 class="u-text u-text-custom-color-2 u-text-2">12oo Jahrfeier</h2>
                    <p class="u-text u-text-3">weiter Eindrücke vom gelungenen Festwochenende 2014 und vom Jubiläumsjahr finden Sie in der Rubrik Bilder &amp; Impressionen</p>
                    <a href="https://ruegheim.de/index.php/bilder-2/" class="u-align-center u-btn u-button-style u-custom-color-1 u-hover-custom-color-2 u-btn-1">zu den Bildern</a>
                  </div>
                </div>
                <div class="u-align-left u-container-style u-layout-cell u-right-cell u-size-36 u-layout-cell-3">
                  <div class="u-container-layout u-container-layout-3">
                    <img src="https://ruegheim.de/wp-content/uploads/2021/05/Landwirtschaft_043-3.jpg" alt="" class="u-align-left u-expanded-width u-image u-image-2" data-image-width="1600" data-image-height="1067">
                  </div>
                </div>
              </div>
            </div>
          </div>
        </div>
      </div>
    </section>

<p>1200 Jahre Rügheim Rügheim wurde erstmals 814 urkundlich erwähnt und feierte daher im Jahr 2014 sein 1200-jähriges Wiegenfest. Mit Eröffnung des Jubiläumsjahres wurde die Dorfchronik bei einem Neujahrsempfang am 5. Januar der Öffentlichkeit vorgestellt und danach zum Kauf freigegeben. Des weiteren wurde der unterfränkischer Kirchentag, der eigentlich nur in größeren Städten stattfindet, in Rügheim abgehalten. &hellip; <a href="https://ruegheim.de/index.php/1200-jahre-2/" class="more-link">Continue reading<span class="screen-reader-text"> &#8222;1200 Jahre&#8220;</span></a></p>
