{"id":609,"date":"2021-05-25T15:10:18","date_gmt":"2021-05-25T15:10:18","guid":{"rendered":"https:\/\/ruegheim.de\/index.php\/chronik-2\/"},"modified":"2021-05-25T15:10:29","modified_gmt":"2021-05-25T15:10:29","slug":"chronik-2","status":"publish","type":"page","link":"https:\/\/ruegheim.de\/index.php\/chronik-2\/","title":{"rendered":"Chronik"},"content":{"rendered":"\n  \n    <section class=\"u-clearfix u-image u-shading u-section-1\" id=\"carousel_2884\" data-image-width=\"960\" data-image-height=\"680\">\n      <div class=\"u-clearfix u-sheet u-valign-bottom-xl u-sheet-1\">\n        <h2 class=\"u-text u-text-body-alt-color u-text-1\">Chronik<\/h2>\n        <div class=\"u-container-style u-custom-color-4 u-expanded-width-xs u-group u-group-1\">\n          <div class=\"u-container-layout u-valign-middle-sm u-valign-middle-xl u-container-layout-1\">\n            <p class=\"u-spacing-15 u-text u-text-2\">R\u00fcgheim wurde erstmals 814 urkundlich erw\u00e4hnt und feierte daher im Jahr 2014&nbsp;sein 1200-j\u00e4hriges Wiegenfest.<br>\n            <\/p>\n          <\/div>\n        <\/div>\n      <\/div>\n    <\/section>\n    <section class=\"u-align-center u-clearfix u-section-2\" id=\"sec-7728\">\n      <div class=\"u-clearfix u-sheet u-valign-middle u-sheet-1\">\n        <div class=\"fr-view u-clearfix u-rich-text u-text u-text-1\">\n          <h3 style=\"text-align: left;\">R\u00fcgheimer Chronik<\/h3>\n          <p style=\"text-align: left;\">Bereits seit mehreren Jahren, befasste sich eine Arbeitsgruppe mit dem Thema \u201eDorfchronik\u201c. Diese Chronik wurde in Zusammenarbeit mit dem Historischen Verein Hassberge erarbeitet. Das Buch umfasst ca. 300 Seiten und ist in einer Auflage von 500 St\u00fcck erscheinen.<\/p>\n          <p style=\"text-align: left;\">Mit Er\u00f6ffnung des Jubil\u00e4umsjahres 2014 wurde dieses Buch bei einem Neujahrsempfang am 5. Januar der \u00d6ffentlichkeit vorgestellt und danach zum Kauf freigegeben.<\/p>\n        <\/div>\n      <\/div>\n    <\/section>\n    <section class=\"u-clearfix u-section-3\" id=\"carousel_ead4\">\n      <div class=\"u-clearfix u-expanded-width u-layout-wrap u-layout-wrap-1\">\n        <div class=\"u-layout\">\n          <div class=\"u-layout-row\">\n            <div class=\"u-container-style u-image u-layout-cell u-right-cell u-size-30 u-image-1\" data-image-width=\"698\" data-image-height=\"960\">\n              <div class=\"u-container-layout u-container-layout-1\"><\/div>\n            <\/div>\n            <div class=\"u-align-center u-container-style u-custom-color-4 u-layout-cell u-left-cell u-shape-rectangle u-size-30 u-layout-cell-2\">\n              <div class=\"u-container-layout u-valign-middle-sm u-valign-middle-xs u-container-layout-2\">\n                <h2 class=\"u-align-center-xl u-text u-text-1\">Georg IV Fuchs von R\u00fcgheim<br>\n                <\/h2>\n                <p class=\"u-text u-text-2\">Fuchs von R\u00fcgheim wird als Georg IV. 1555 Bischof von BambergR\u00fcgheim selbst bleibt trotzdem evangelisch.Wasserschlo\u00df R\u00fcgheim 1816 auf Abbruch verkauft.Sch\u00fcttbau wird Kulturzentrum f\u00fcr Unterfranken&nbsp;Solche&nbsp; \u201eSchlagzeilen\u201c verdeutlichen, wie sehr die 1200 \u2013 j\u00e4hrige Geschichte von R\u00fcgheim (das Dorf wird 814 erstmals in einer Schenkungsurkunde an das Kloster Fulda erw\u00e4hnt) von der Geschichte der Kirche und des Adels gegpr\u00e4gt ist.R\u00fcgheim war seit dem 12. Jahrhundert Urpfarrei, Missions \u2013 und Mutterkirche f\u00fcr s\u00e4mtliche umliegenden D\u00f6rfer.Die Adelsfamilie der Fuchs machte mit dem Bau eines imposanten Wasserschlosses den Ort zu einem bedeutenden Verwaltungszentrum, in dem auch das Adelsgeschlecht der Schaumberger seinen Sitz hatte.<\/p>\n                <p class=\"u-text u-text-3\">Bild: <a href=\"https:\/\/de.wikipedia.org\/wiki\/Georg_IV._Fuchs_von_R\u00fcgheim\" class=\"u-active-none u-border-none u-btn u-button-link u-button-style u-hover-none u-none u-text-custom-color-2 u-btn-1\">Wikipedia<\/a>\n                <\/p>\n              <\/div>\n            <\/div>\n          <\/div>\n        <\/div>\n      <\/div>\n    <\/section>\n    <section class=\"u-clearfix u-section-4\" id=\"carousel_a550\">\n      <div class=\"u-clearfix u-expanded-width u-layout-wrap u-layout-wrap-1\">\n        <div class=\"u-layout\">\n          <div class=\"u-layout-row\">\n            <div class=\"u-align-center u-container-style u-layout-cell u-left-cell u-shape-rectangle u-size-30 u-layout-cell-1\">\n              <div class=\"u-container-layout u-container-layout-1\">\n                <h2 class=\"u-align-center-xl u-text u-text-1\">Der Sch\u00fcttbau<br>\n                <\/h2>\n                <p class=\"u-text u-text-2\">W\u00e4hrend der Reformation war R\u00fcgheim eine Keimzelle des evangelischen Glaubens, ironischerweise predigte der ehemalige Abt des Augustinerklosters in K\u00f6nigsberg als erster hier \u201eevangelisch\u201c und selbst Bischof Georg IV. konnte dies nicht verhindern. Da die Fuchs von R\u00fcgheim evangelisch blieben, die Schaumberger aber katholisch, entschlo\u00df sich Veit von Schaumberg zum Bau eines eigenen Verwaltungssitzes, und so enntstand ein weiteres bedeutendes Geb\u00e4ude in R\u00fcgheim, der \u201eSch\u00fcttbau\u201c, der 1548 erstmals erw\u00e4hnt wird. W\u00e4hrend das Schlo\u00df, in dem seit 1720 der Ritterkanton Baunach seinen Sitz hatte, im Zuge der S\u00e4kularisation an Bayern fiel (der Vater des Dichters R\u00fcckert hat 1806\/7 als Territorialkomissardie \u201eAbwicklung\u201c \u00fcberwacht) und langsam bauf\u00e4llig wurde, zudem unter Einquartierung franz\u00f6sischer Truppen gelitten hatte und schlie\u00dflich 1816 auf Abbruch verkauft wurde, blieb der Schaumberg`sche Sch\u00fcttbau erhalten, wurde nach der Eingemeindung R\u00fcgheims nach Hofheim restauriert und zeugt heute in seiner ganzen Pracht von der lebendigen Geschichte R\u00fcgheims.<\/p>\n              <\/div>\n            <\/div>\n            <div class=\"u-container-style u-image u-layout-cell u-right-cell u-size-30 u-image-1\" data-image-width=\"667\" data-image-height=\"500\">\n              <div class=\"u-container-layout u-container-layout-2\"><\/div>\n            <\/div>\n          <\/div>\n        <\/div>\n      <\/div>\n    <\/section>\n    <section class=\"u-clearfix u-custom-color-2 u-section-5\" id=\"sec-78bf\">\n      <div class=\"u-clearfix u-sheet u-sheet-1\">\n        <div class=\"u-clearfix u-expanded-width u-gutter-10 u-layout-wrap u-layout-wrap-1\">\n          <div class=\"u-layout\" style=\"\">\n            <div class=\"u-layout-row\" style=\"\">\n              <div class=\"u-align-left u-container-style u-image u-layout-cell u-left-cell u-size-30 u-size-xs-60 u-image-1\" src=\"\" data-image-width=\"960\" data-image-height=\"680\">\n                <div class=\"u-container-layout u-valign-middle u-container-layout-1\" src=\"\"><\/div>\n              <\/div>\n              <div class=\"u-align-left u-container-style u-layout-cell u-right-cell u-size-30 u-size-xs-60 u-white u-layout-cell-2\">\n                <div class=\"u-container-layout u-container-layout-2\">\n                  <h2 class=\"u-text u-text-1\">Dorfchronik erwerben<\/h2>\n                  <p class=\"u-text u-text-2\">Bei \"Norbert um\u00b4s Eck\" auf dem R\u00fcgheimer Marktplatz k\u00f6nnen Sie die gebundene Ausgabe der Dorfchronik kaufen.&nbsp;<br>Sie k\u00f6nnen auch eine Anfrage \u00fcber das Kontaktformular stellen, hier k\u00f6nnen evtl. Bearbeitungs- oder Versandgeb\u00fchren hinzu kommen.\n                  <\/p>\n                  <a href=\"https:\/\/ruegheim.de\/index.php\/kontakt\/\" class=\"u-btn u-button-style u-custom-color-1 u-btn-1\">Kontakt<\/a>\n                <\/div>\n              <\/div>\n            <\/div>\n          <\/div>\n        <\/div>\n      <\/div>\n    <\/section>\n    \n    \n    \n  \n","protected":false},"excerpt":{"rendered":"<p>Chronik R\u00fcgheim wurde erstmals 814 urkundlich erw\u00e4hnt und feierte daher im Jahr 2014&nbsp;sein 1200-j\u00e4hriges Wiegenfest. R\u00fcgheimer Chronik Bereits seit mehreren Jahren, befasste sich eine Arbeitsgruppe mit dem Thema \u201eDorfchronik\u201c. Diese Chronik wurde in Zusammenarbeit mit dem Historischen Verein Hassberge erarbeitet. Das Buch umfasst ca. 300 Seiten und ist in einer Auflage von 500 St\u00fcck erscheinen. &hellip; <a href=\"https:\/\/ruegheim.de\/index.php\/chronik-2\/\" class=\"more-link\">Continue reading<span class=\"screen-reader-text\"> &#8222;Chronik&#8220;<\/span><\/a><\/p>\n","protected":false},"author":1,"featured_media":0,"parent":0,"menu_order":6,"comment_status":"closed","ping_status":"closed","template":"","meta":[],"_links":{"self":[{"href":"https:\/\/ruegheim.de\/index.php\/wp-json\/wp\/v2\/pages\/609"}],"collection":[{"href":"https:\/\/ruegheim.de\/index.php\/wp-json\/wp\/v2\/pages"}],"about":[{"href":"https:\/\/ruegheim.de\/index.php\/wp-json\/wp\/v2\/types\/page"}],"author":[{"embeddable":true,"href":"https:\/\/ruegheim.de\/index.php\/wp-json\/wp\/v2\/users\/1"}],"replies":[{"embeddable":true,"href":"https:\/\/ruegheim.de\/index.php\/wp-json\/wp\/v2\/comments?post=609"}],"version-history":[{"count":1,"href":"https:\/\/ruegheim.de\/index.php\/wp-json\/wp\/v2\/pages\/609\/revisions"}],"predecessor-version":[{"id":625,"href":"https:\/\/ruegheim.de\/index.php\/wp-json\/wp\/v2\/pages\/609\/revisions\/625"}],"wp:attachment":[{"href":"https:\/\/ruegheim.de\/index.php\/wp-json\/wp\/v2\/media?parent=609"}],"curies":[{"name":"wp","href":"https:\/\/api.w.org\/{rel}","templated":true}]}}