{"id":616,"date":"2021-05-25T15:10:25","date_gmt":"2021-05-25T15:10:25","guid":{"rendered":"https:\/\/ruegheim.de\/index.php\/leben-2\/"},"modified":"2021-05-26T15:54:26","modified_gmt":"2021-05-26T15:54:26","slug":"leben-2","status":"publish","type":"page","link":"https:\/\/ruegheim.de\/index.php\/leben-2\/","title":{"rendered":"Leben"},"content":{"rendered":"\n    \n    <section class=\"u-clearfix u-white u-section-2\" id=\"carousel_adc4\">\n      <div class=\"u-clearfix u-sheet u-valign-middle-md u-valign-middle-sm u-valign-middle-xs u-sheet-1\">\n        <div class=\"u-clearfix u-expanded-width u-layout-wrap u-layout-wrap-1\">\n          <div class=\"u-layout\">\n            <div class=\"u-layout-row\">\n              <div class=\"u-align-center-sm u-align-center-xs u-container-style u-layout-cell u-left-cell u-size-32 u-layout-cell-1\">\n                <div class=\"u-container-layout u-container-layout-1\">\n                  <img class=\"u-expanded-width u-image u-image-1\" src=\"https:\/\/ruegheim.de\/wp-content\/uploads\/2021\/05\/2017_Gartenborse0892-1.jpg\" data-image-width=\"960\" data-image-height=\"640\">\n                <\/div>\n              <\/div>\n              <div class=\"u-container-style u-layout-cell u-right-cell u-size-28 u-white u-layout-cell-2\">\n                <div class=\"u-container-layout u-valign-top-md u-valign-top-sm u-valign-top-xs u-container-layout-2\">\n                  <h1 class=\"u-text u-text-black u-text-1\">Leben<\/h1>\n                  <p class=\"u-text u-text-2\">in und um R\u00fcgheim<\/p>\n                  <p class=\"u-text u-text-3\">In R\u00fcgheim ist immer was los. Im Fr\u00fchling ist Gartenb\u00f6rse, im Sommer ist das Braufest, im Herbst die Kirchweih und im Winter die Dorfweihnacht, alles organisiert von unseren Vereinen und unterst\u00fctzt von zahlreichen ortsans\u00e4ssigen Unternehmen. Zwischen diesen Highlights sind viele andere Feste, au\u00dfergew\u00f6hnliche Aktionen und ein harmonisches Dorfleben.<\/p>\n                <\/div>\n              <\/div>\n            <\/div>\n          <\/div>\n        <\/div>\n        <div class=\"u-clearfix u-expanded-width u-gutter-0 u-layout-wrap u-layout-wrap-2\">\n          <div class=\"u-gutter-0 u-layout\">\n            <div class=\"u-layout-row\">\n              <div class=\"u-align-center u-container-style u-custom-color-1 u-layout-cell u-left-cell u-size-20 u-layout-cell-3\">\n                <div class=\"u-container-layout u-valign-top u-container-layout-3\"><span class=\"u-icon u-icon-circle u-spacing-20 u-text-custom-color-2 u-white u-icon-1\"><svg class=\"u-svg-link\" preserveAspectRatio=\"xMidYMin slice\" viewBox=\"0 0 480 480\" style=\"\"><use xmlns:xlink=\"http:\/\/www.w3.org\/1999\/xlink\" xlink:href=\"#svg-c6ab\"><\/use><\/svg><svg class=\"u-svg-content\" viewBox=\"0 0 480 480\" id=\"svg-c6ab\"><path d=\"m320 344h-56v-24c0-6.78125-2.867188-13.242188-7.894531-17.792969-5.027344-4.550781-11.742188-6.765625-18.488281-6.09375-12.585938 1.691407-21.890626 12.566407-21.617188 25.261719v22.625h-56c-13.25-.015625-23.984375-10.75-24-24v-40h-8c-11.289062 0-22.050781-4.769531-29.632812-13.132812-7.582032-8.359376-11.277344-19.535157-10.179688-30.769532 2.527344-20.769531 20.265625-36.316406 41.1875-36.097656h6.625v-40c.015625-13.25 10.75-23.984375 24-24h56v24c0 6.78125 2.867188 13.242188 7.894531 17.792969 5.027344 4.550781 11.742188 6.765625 18.488281 6.09375 12.585938-1.691407 21.890626-12.566407 21.617188-25.261719v-22.625h56c13.25.015625 23.984375 10.75 24 24v40h6.625c20.921875-.21875 38.660156 15.328125 41.1875 36.097656 1.097656 11.234375-2.597656 22.410156-10.179688 30.769532-7.582031 8.363281-18.34375 13.132812-29.632812 13.132812h-8v40c-.015625 13.25-10.75 23.984375-24 24zm-40-16h40c4.417969-.003906 7.996094-3.582031 8-8v-56h24c6.78125 0 13.246094-2.871094 17.796875-7.894531 4.550781-5.027344 6.765625-11.746094 6.09375-18.492188-1.695313-12.585937-12.570313-21.886719-25.265625-21.613281h-22.625v-56c-.003906-4.417969-3.582031-7.996094-8-8h-40v6.625c.214844 20.921875-15.332031 38.660156-36.101562 41.191406-11.234376 1.097656-22.410157-2.601562-30.769532-10.183594-8.359375-7.582031-13.128906-18.34375-13.128906-29.632812v-8h-40c-4.417969.003906-7.996094 3.582031-8 8v56h-22.625c-12.695312-.273438-23.570312 9.027344-25.265625 21.613281-.671875 6.746094 1.542969 13.464844 6.09375 18.492188 4.550781 5.023437 11.015625 7.894531 17.796875 7.894531h24v56c.003906 4.417969 3.582031 7.996094 8 8h40v-6.625c-.214844-20.921875 15.332031-38.660156 36.101562-41.191406 11.234376-1.097656 22.410157 2.601562 30.769532 10.183594 8.359375 7.582031 13.128906 18.34375 13.128906 29.632812zm0 0\"><\/path><path d=\"m56 344h-56v-16h56c4.417969-.003906 7.996094-3.582031 8-8v-40h-8c-11.289062 0-22.050781-4.769531-29.632812-13.132812-7.582032-8.359376-11.277344-19.535157-10.179688-30.769532 2.527344-20.769531 20.265625-36.316406 41.1875-36.097656h6.625v-40c-.003906-4.417969-3.582031-7.996094-8-8h-56v-16h56c13.25.015625 23.984375 10.75 24 24v56h-22.625c-12.695312-.273438-23.570312 9.027344-25.265625 21.613281-.671875 6.746094 1.542969 13.464844 6.09375 18.492188 4.550781 5.023437 11.015625 7.894531 17.796875 7.894531h24v56c-.015625 13.25-10.75 23.984375-24 24zm0 0\"><\/path><path d=\"m239.914062 127.996094c-1.265624 0-2.539062-.058594-3.8125-.179688-20.769531-2.53125-36.316406-20.269531-36.101562-41.191406v-6.625h-40c-13.25-.015625-23.984375-10.75-24-24v-56h16v56c.003906 4.417969 3.582031 7.996094 8 8h56v22.625c-.273438 12.695312 9.03125 23.570312 21.617188 25.261719 6.765624.699219 13.507812-1.53125 18.523437-6.125 5-4.554688 7.851563-11 7.859375-17.761719v-24h56c4.417969-.003906 7.996094-3.582031 8-8v-56h16v56c-.015625 13.25-10.75 23.984375-24 24h-40v8c.003906 10.625-4.222656 20.8125-11.742188 28.316406-7.523437 7.503906-17.71875 11.707032-28.34375 11.679688zm0 0\"><\/path><path d=\"m480 344h-56c-13.25-.015625-23.984375-10.75-24-24v-56h22.625c12.695312.273438 23.570312-9.027344 25.265625-21.613281.671875-6.746094-1.542969-13.464844-6.09375-18.492188-4.550781-5.023437-11.015625-7.894531-17.796875-7.894531h-24v-56c.015625-13.25 10.75-23.984375 24-24h56v16h-56c-4.417969.003906-7.996094 3.582031-8 8v40h8c11.289062 0 22.050781 4.769531 29.632812 13.132812 7.582032 8.359376 11.277344 19.535157 10.179688 30.769532-2.527344 20.769531-20.265625 36.316406-41.1875 36.097656h-6.625v40c.003906 4.417969 3.582031 7.996094 8 8h56zm0 0\"><\/path><path d=\"m344 480h-16v-56c-.003906-4.417969-3.582031-7.996094-8-8h-56v-22.625c.273438-12.695312-9.03125-23.570312-21.617188-25.261719-6.746093-.671875-13.460937 1.542969-18.488281 6.09375-5.027343 4.550781-7.894531 11.011719-7.894531 17.792969v24h-56c-4.417969.003906-7.996094 3.582031-8 8v56h-16v-56c.015625-13.25 10.75-23.984375 24-24h40v-8c0-11.289062 4.769531-22.050781 13.128906-29.632812 8.359375-7.582032 19.535156-11.28125 30.769532-10.183594 20.769531 2.53125 36.316406 20.269531 36.101562 41.191406v6.625h40c13.25.015625 23.984375 10.75 24 24zm0 0\"><\/path><\/svg><\/span>\n                  <h2 class=\"u-text u-text-4\">Vereine<\/h2>\n                  <p class=\"u-text u-text-5\">Bei uns ist das Vereinsleben intakt!<\/p>\n                  <a href=\"https:\/\/ruegheim.de\/index.php\/vereine-2\/\" class=\"u-btn u-button-style u-white u-btn-1\">mehr<\/a>\n                <\/div>\n              <\/div>\n              <div class=\"u-align-center u-container-style u-custom-color-4 u-layout-cell u-size-20 u-layout-cell-4\">\n                <div class=\"u-container-layout u-valign-top u-container-layout-4\"><span class=\"u-icon u-icon-circle u-spacing-20 u-text-custom-color-2 u-white u-icon-2\"><svg class=\"u-svg-link\" preserveAspectRatio=\"xMidYMin slice\" viewBox=\"0 0 512 512\" style=\"\"><use xmlns:xlink=\"http:\/\/www.w3.org\/1999\/xlink\" xlink:href=\"#svg-e0a6\"><\/use><\/svg><svg class=\"u-svg-content\" viewBox=\"0 0 512 512\" x=\"0px\" y=\"0px\" id=\"svg-e0a6\" style=\"enable-background:new 0 0 512 512;\"><g><g><path d=\"M416,426c-5.52,0-10,4.48-10,10c0,5.52,4.48,10,10,10c5.52,0,10-4.48,10-10C426,430.48,421.52,426,416,426z\"><\/path>\n<\/g>\n<\/g><g><g><path d=\"M446,47.432V30c0-16.542-13.458-30-30-30H96C79.458,0,66,13.458,66,30v17.432C0.773,167.896,0.003,164.319,0,169.989    c0,0.004,0,0.007,0,0.011v20c0,17.333,10.022,33.453,26,42.62V502c0,5.522,4.478,10,10,10h440c5.522,0,10-4.478,10-10V232.62    c15.817-9.159,26-25.469,26-42.62v-20c0-0.004,0-0.007,0-0.011C511.997,164.258,510.591,166.721,446,47.432z M485.088,160h-61.88    L389.875,60h40.213L485.088,160z M346,180h60v10c0,16.542-13.458,30-30,30s-30-13.458-30-30V180z M344.471,160L327.805,60h40.987    l33.333,100H344.471z M86,30c0-5.514,4.486-10,10-10h320c5.514,0,10,4.486,10,10v10c-9.522,0-330.404,0-340,0V30z M326,180v10    c0,16.542-13.458,30-30,30s-30-13.458-30-30v-10H326z M266,160V60h41.529l16.667,100H266z M187.805,160l16.667-100H246v100    H187.805z M246,180v10c0,16.542-13.458,30-30,30s-30-13.458-30-30v-10H246z M109.874,160l33.333-100h40.988l-16.667,100H109.874z     M166,180v10c0,16.542-13.458,30-30,30s-30-13.458-30-30v-10H166z M81.912,60h40.213L88.792,160h-61.88L81.912,60z M20,190v-10h66    v10c0,15.701-15.729,30-33,30c-4.354,0-8.866-0.945-13.066-2.742C28.011,212.187,20,201.232,20,190z M206,492H106v-86h100V492z     M206,386H106v-86h100V386z M466,492H226V290c0-5.522-4.478-10-10-10H96c-5.522,0-10,4.478-10,10v202H46V239.511    c2.318,0.315,4.653,0.489,7,0.489c13.161,0,26.465-5.214,36.498-14.306c2.219-2.01,4.217-4.16,6.01-6.413    C104.602,231.822,119.36,240,136,240c16.339,0,30.87-7.878,40-20.035C185.13,232.122,199.661,240,216,240s30.87-7.878,40-20.035    C265.13,232.122,279.661,240,296,240s30.87-7.878,40-20.035C345.13,232.122,359.661,240,376,240    c16.64,0,31.398-8.178,40.492-20.719c1.793,2.253,3.791,4.402,6.01,6.413C432.535,234.786,445.839,240,459,240    c2.342,0,4.677-0.168,7-0.485V492z M492,190c0,11.548-8.309,22.629-20.674,27.575c-4.044,1.61-8.19,2.425-12.326,2.425    c-17.271,0-33-14.299-33-30v-10h66V190z\"><\/path>\n<\/g>\n<\/g><g><g><path d=\"M436,386h-10v-96c0-5.522-4.478-10-10-10H296c-5.522,0-10,4.478-10,10v96h-10c-5.522,0-10,4.478-10,10    c0,5.522,4.478,10,10,10h160c5.522,0,10-4.478,10-10C446,390.478,441.522,386,436,386z M406,386H306v-86h100V386z\"><\/path>\n<\/g>\n<\/g><g><g><path d=\"M376,426h-80c-5.522,0-10,4.478-10,10c0,5.522,4.478,10,10,10h80c5.522,0,10-4.478,10-10C386,430.478,381.522,426,376,426    z\"><\/path>\n<\/g>\n<\/g><\/svg><\/span>\n                  <h2 class=\"u-text u-text-6\">Unternehmen<\/h2>\n                  <p class=\"u-text u-text-7\">Die verschiedenen Unternehmen bieten eine stattliche Zahl an Arbeitspl\u00e4tzen.<\/p>\n                  <a href=\"https:\/\/ruegheim.de\/index.php\/unternehmen-2\/\" class=\"u-btn u-button-style u-white u-btn-2\">mehr<\/a>\n                <\/div>\n              <\/div>\n              <div class=\"u-align-center u-container-style u-custom-color-2 u-layout-cell u-right-cell u-size-20 u-layout-cell-5\">\n                <div class=\"u-container-layout u-valign-top u-container-layout-5\"><span class=\"u-icon u-icon-circle u-spacing-20 u-text-custom-color-2 u-white u-icon-3\"><svg class=\"u-svg-link\" preserveAspectRatio=\"xMidYMin slice\" viewBox=\"0 0 512 512\" style=\"\"><use xmlns:xlink=\"http:\/\/www.w3.org\/1999\/xlink\" xlink:href=\"#svg-b3be\"><\/use><\/svg><svg class=\"u-svg-content\" viewBox=\"0 0 512 512\" id=\"svg-b3be\"><g><path d=\"m165 280c0-16.262-17.57-29-40-29s-40 12.738-40 29 17.57 29 40 29 40-12.738 40-29zm-65 0c0-6.622 10.267-14 25-14s25 7.378 25 14-10.267 14-25 14-25-7.378-25-14z\"><\/path><path d=\"m126.994 384.767c1.45.819 3.062 1.224 4.67 1.224 1.958 0 3.912-.601 5.558-1.785 30.131-21.675 59.426-21.674 89.556 0 2.998 2.157 7.014 2.377 10.229.562 3.213-1.815 5.096-5.364 4.796-9.042-1.207-14.85-7.911-28.622-18.876-38.78-11.028-10.216-25.385-15.842-40.426-15.842h-1c-15.042 0-29.398 5.626-40.426 15.842-10.966 10.158-17.669 23.93-18.876 38.778-.301 3.678 1.582 7.228 4.795 9.043zm54.506-48.664h1c18.69 0 35.053 11.835 41.535 28.553-27.942-15.725-56.126-15.725-84.069 0 6.481-16.717 22.844-28.553 41.534-28.553z\"><\/path><path d=\"m160.556 228.651c-23.593-10.526-47.519-10.526-71.111 0-3.783 1.688-5.481 6.122-3.793 9.905s6.122 5.481 9.905 3.793c19.813-8.839 39.075-8.839 58.889 0 .993.443 2.03.653 3.051.653 2.87 0 5.609-1.656 6.854-4.446 1.686-3.783-.013-8.218-3.795-9.905z\"><\/path><path d=\"m357 140c-22.43 0-40 12.738-40 29s17.57 29 40 29 40-12.738 40-29-17.57-29-40-29zm0 43c-14.732 0-25-7.378-25-14s10.268-14 25-14 25 7.378 25 14-10.268 14-25 14z\"><\/path><path d=\"m243 198c22.43 0 40-12.738 40-29s-17.57-29-40-29-40 12.738-40 29 17.57 29 40 29zm0-43c14.732 0 25 7.378 25 14s-10.268 14-25 14c-14.733 0-25-7.378-25-14s10.267-14 25-14z\"><\/path><path d=\"m255.221 213.896c-2.999-2.157-7.013-2.376-10.228-.56-3.212 1.815-5.095 5.364-4.795 9.041 1.207 14.85 7.911 28.622 18.876 38.78 11.028 10.217 25.385 15.843 40.426 15.843h1c15.041 0 29.398-5.626 40.427-15.842 10.965-10.158 17.669-23.931 18.876-38.779.299-3.678-1.583-7.227-4.795-9.042-3.214-1.817-7.228-1.599-10.228.558 0 0-.001.001-.002.001-30.131 21.677-59.424 21.676-89.557 0zm45.279 48.104h-1c-18.69 0-35.053-11.835-41.534-28.554 27.941 15.725 56.126 15.725 84.069 0-6.481 16.718-22.845 28.554-41.535 28.554z\"><\/path><path d=\"m392.556 117.651c-23.594-10.526-47.518-10.526-71.111 0-3.783 1.688-5.481 6.122-3.794 9.905 1.688 3.783 6.125 5.479 9.905 3.793 19.813-8.839 39.076-8.839 58.889 0 .993.443 2.03.653 3.052.653 2.869 0 5.608-1.656 6.854-4.446 1.686-3.783-.012-8.218-3.795-9.905z\"><\/path><path d=\"m213.556 131.349c19.813-8.839 39.076-8.839 58.889 0 .992.443 2.03.653 3.052.653 2.869 0 5.608-1.656 6.854-4.446 1.688-3.783-.011-8.217-3.794-9.905-23.594-10.526-47.519-10.526-71.111 0-3.783 1.688-5.481 6.122-3.793 9.905 1.685 3.783 6.119 5.481 9.903 3.793z\"><\/path><path d=\"m439.5 60h-12.5v-2.49c0-3.344-1.304-6.486-3.67-8.848-2.36-2.356-5.495-3.652-8.829-3.652-.009 0-.018 0-.025 0l-15.792.031c-20.615.052-39.447-12.081-47.942-30.879l-1.749-3.869c-2.826-6.252-9.086-10.293-15.947-10.293h-14.296c-4.143 0-7.5 3.358-7.5 7.5s3.357 7.5 7.5 7.5h14.296c.98 0 1.874.577 2.278 1.471l1.749 3.869c10.905 24.13 35.037 39.701 61.51 39.701h.13l13.287-.026v138.985c0 21.095-5.953 43.639-16.517 64.034-4.166-1.341-8.509-2.034-12.983-2.034-11.354 0-22.027 4.42-30.054 12.447s-12.446 18.699-12.446 30.053c0 5.458 1.068 10.844 3.089 15.869-13.711 7.621-28.308 11.631-43.089 11.631-14.782 0-29.382-4.011-43.094-11.633 2.021-5.024 3.094-10.403 3.094-15.867 0-11.354-4.42-22.027-12.447-30.053s-18.699-12.447-30.053-12.447c-4.41 0-8.801.705-12.979 2.041-10.566-20.397-16.521-42.944-16.521-64.041v-138.987l13.403.023h.119c26.726-.001 50.958-15.788 61.752-40.246l1.456-3.299c.399-.905 1.298-1.491 2.288-1.491h16.732c4.143 0 7.5-3.358 7.5-7.5s-3.357-7.5-7.5-7.5h-16.732c-6.929 0-13.213 4.096-16.011 10.435l-1.456 3.299c-8.396 19.024-27.241 31.302-48.03 31.302-.03 0-.062 0-.092 0l-15.907-.027c-.008 0-.015 0-.023 0-3.334 0-6.47 1.297-8.83 3.653-2.366 2.362-3.669 5.503-3.669 8.847v53.491h-23.983c-6.929 0-13.213 4.096-16.01 10.434l-1.457 3.3c-8.409 19.052-27.313 31.313-48.122 31.302l-15.907-.027c-.008 0-.015 0-.023 0-3.334 0-6.47 1.297-8.83 3.653-2.366 2.362-3.669 5.503-3.669 8.847v97.991c0 4.142 3.358 7.5 7.5 7.5s7.5-3.358 7.5-7.5v-95.487l13.403.023h.119c26.726-.001 50.958-15.788 61.752-40.245l1.457-3.301c.399-.905 1.297-1.49 2.287-1.49h23.983v73c0 33.855 13.712 70.95 36.679 99.228 22.22 27.358 50.006 43.789 79.216 47.127-13.873 48.668-56.103 96.645-106.895 96.645-28.618 0-56.56-14.997-78.678-42.229-20.865-25.69-33.322-59.249-33.322-89.771v-8.5c0-4.142-3.358-7.5-7.5-7.5s-7.5 3.358-7.5 7.5v8.5c0 33.855 13.712 70.95 36.679 99.228 25.021 30.806 57.098 47.772 90.321 47.772 28.13 0 56.368-12.709 79.512-35.787 20.409-20.351 35.479-46.96 42.768-75.318 6.646-.292 13.235-1.258 19.721-2.88v80.276c-2.347-.833-4.871-1.29-7.5-1.29-12.406 0-22.5 10.093-22.5 22.5v45c0 12.407 10.094 22.5 22.5 22.5s22.5-10.093 22.5-22.5v-151.477c18.793-7.847 36.325-21.333 51.321-39.796 22.966-28.278 36.678-65.373 36.678-99.228v-79h15v192.29c-2.347-.833-4.871-1.29-7.5-1.29-12.406 0-22.5 10.093-22.5 22.5v45c0 12.407 10.094 22.5 22.5 22.5s22.5-10.093 22.5-22.5v-301c0-9.649-7.851-17.5-17.5-17.5zm-115.5 429.5c0 4.136-3.364 7.5-7.5 7.5s-7.5-3.364-7.5-7.5v-45c0-4.136 3.364-7.5 7.5-7.5s7.5 3.364 7.5 7.5zm-102.678-200.729c-3.189-3.926-6.178-8.037-8.96-12.292 1.675-.315 3.389-.479 5.137-.479 7.347 0 14.253 2.86 19.447 8.053s8.054 12.1 8.054 19.447c0 2.519-.345 5.012-1.016 7.413-8.031-6.091-15.64-13.497-22.662-22.142zm157.356 0c-7.02 8.643-14.628 16.049-22.657 22.138-.671-2.401-1.021-4.894-1.021-7.409 0-7.347 2.86-14.253 8.054-19.447 5.192-5.193 12.1-8.053 19.446-8.053 1.746 0 3.459.168 5.135.483-2.781 4.253-5.77 8.363-8.957 12.288zm48.322-183.771v-30h12.5c1.379 0 2.5 1.122 2.5 2.5v27.5zm15 273.5c0 4.136-3.364 7.5-7.5 7.5s-7.5-3.364-7.5-7.5v-45c0-4.136 3.364-7.5 7.5-7.5s7.5 3.364 7.5 7.5z\"><\/path>\n<\/g><\/svg><\/span>\n                  <h2 class=\"u-text u-text-8\">Kultur<\/h2>\n                  <p class=\"u-text u-text-body-alt-color u-text-9\">Kulturelle Veranstaltungen<\/p>\n                  <a href=\"https:\/\/ruegheim.de\/index.php\/kultur-2\/\" class=\"u-btn u-button-style u-white u-btn-3\">mehr<\/a>\n                <\/div>\n              <\/div>\n            <\/div>\n          <\/div>\n        <\/div>\n      <\/div>\n    <\/section>\n    \n    \n  \n","protected":false},"excerpt":{"rendered":"<p>Leben in und um R\u00fcgheim In R\u00fcgheim ist immer was los. Im Fr\u00fchling ist Gartenb\u00f6rse, im Sommer ist das Braufest, im Herbst die Kirchweih und im Winter die Dorfweihnacht, alles organisiert von unseren Vereinen und unterst\u00fctzt von zahlreichen ortsans\u00e4ssigen Unternehmen. Zwischen diesen Highlights sind viele andere Feste, au\u00dfergew\u00f6hnliche Aktionen und ein harmonisches Dorfleben. Vereine Bei &hellip; <a href=\"https:\/\/ruegheim.de\/index.php\/leben-2\/\" class=\"more-link\">Continue reading<span class=\"screen-reader-text\"> &#8222;Leben&#8220;<\/span><\/a><\/p>\n","protected":false},"author":1,"featured_media":0,"parent":0,"menu_order":13,"comment_status":"closed","ping_status":"closed","template":"","meta":[],"_links":{"self":[{"href":"https:\/\/ruegheim.de\/index.php\/wp-json\/wp\/v2\/pages\/616"}],"collection":[{"href":"https:\/\/ruegheim.de\/index.php\/wp-json\/wp\/v2\/pages"}],"about":[{"href":"https:\/\/ruegheim.de\/index.php\/wp-json\/wp\/v2\/types\/page"}],"author":[{"embeddable":true,"href":"https:\/\/ruegheim.de\/index.php\/wp-json\/wp\/v2\/users\/1"}],"replies":[{"embeddable":true,"href":"https:\/\/ruegheim.de\/index.php\/wp-json\/wp\/v2\/comments?post=616"}],"version-history":[{"count":1,"href":"https:\/\/ruegheim.de\/index.php\/wp-json\/wp\/v2\/pages\/616\/revisions"}],"predecessor-version":[{"id":632,"href":"https:\/\/ruegheim.de\/index.php\/wp-json\/wp\/v2\/pages\/616\/revisions\/632"}],"wp:attachment":[{"href":"https:\/\/ruegheim.de\/index.php\/wp-json\/wp\/v2\/media?parent=616"}],"curies":[{"name":"wp","href":"https:\/\/api.w.org\/{rel}","templated":true}]}}