{"id":617,"date":"2021-05-25T15:10:26","date_gmt":"2021-05-25T15:10:26","guid":{"rendered":"https:\/\/ruegheim.de\/index.php\/kultur-2\/"},"modified":"2021-05-25T15:10:31","modified_gmt":"2021-05-25T15:10:31","slug":"kultur-2","status":"publish","type":"page","link":"https:\/\/ruegheim.de\/index.php\/kultur-2\/","title":{"rendered":"Kultur"},"content":{"rendered":"\n  \n    <section class=\"u-align-center u-clearfix u-grey-5 u-section-1\" id=\"carousel_131f\">\n      <div class=\"u-custom-color-4 u-shape u-shape-rectangle u-shape-1\"><\/div>\n      <div class=\"u-clearfix u-gutter-0 u-layout-wrap u-layout-wrap-1\">\n        <div class=\"u-gutter-0 u-layout\">\n          <div class=\"u-layout-col\">\n            <div class=\"u-size-30\">\n              <div class=\"u-layout-row\">\n                <div class=\"u-container-style u-layout-cell u-left-cell u-right-cell u-size-60 u-layout-cell-1\">\n                  <div class=\"u-container-layout u-container-layout-1\">\n                    <h1 class=\"u-text u-title u-text-1\">Kultur<\/h1>\n                  <\/div>\n                <\/div>\n              <\/div>\n            <\/div>\n            <div class=\"u-size-30\">\n              <div class=\"u-layout-row\">\n                <div class=\"u-align-center u-container-style u-image u-layout-cell u-left-cell u-size-30 u-image-1\" data-image-width=\"667\" data-image-height=\"500\">\n                  <div class=\"u-container-layout u-container-layout-2\"><\/div>\n                <\/div>\n                <div class=\"u-align-left u-container-style u-layout-cell u-right-cell u-size-30 u-white u-layout-cell-3\">\n                  <div class=\"u-container-layout u-container-layout-3\">\n                    <h2 class=\"u-text u-text-2\">Der Sch\u00fcttbau<\/h2>\n                    <p class=\"u-text u-text-3\">Das Tagungs- und Kulturzentrum Sch\u00fcttbau bietet voll ausgestattete Seminarr\u00e4ume, einen gro\u00dfen Veranstaltungssaal mit B\u00fchne und Konzertfl\u00fcgel sowie \u00dcbernachtungsm\u00f6glichkeiten.&nbsp;<br>\n                      <br>Der Sch\u00fcttbau kann f\u00fcr Tagungen, Seminare und Fortbildungen angemietet werden.<br>\n                      <br>Das aktuelle Kultur-Programm finden Sie online auf:<br>\n                    <\/p>\n                    <a href=\"https:\/\/kultur-ev.de\" class=\"u-active-grey-40 u-btn u-btn-rectangle u-button-style u-custom-color-4 u-hover-grey-40 u-radius-0 u-btn-1\" target=\"_blank\">Kultur e.v<\/a>\n                  <\/div>\n                <\/div>\n              <\/div>\n            <\/div>\n          <\/div>\n        <\/div>\n      <\/div>\n    <\/section>\n    \n    \n    \n  \n","protected":false},"excerpt":{"rendered":"<p>Kultur Der Sch\u00fcttbau Das Tagungs- und Kulturzentrum Sch\u00fcttbau bietet voll ausgestattete Seminarr\u00e4ume, einen gro\u00dfen Veranstaltungssaal mit B\u00fchne und Konzertfl\u00fcgel sowie \u00dcbernachtungsm\u00f6glichkeiten.&nbsp; Der Sch\u00fcttbau kann f\u00fcr Tagungen, Seminare und Fortbildungen angemietet werden. Das aktuelle Kultur-Programm finden Sie online auf: Kultur e.v<\/p>\n","protected":false},"author":1,"featured_media":0,"parent":0,"menu_order":14,"comment_status":"closed","ping_status":"closed","template":"","meta":[],"_links":{"self":[{"href":"https:\/\/ruegheim.de\/index.php\/wp-json\/wp\/v2\/pages\/617"}],"collection":[{"href":"https:\/\/ruegheim.de\/index.php\/wp-json\/wp\/v2\/pages"}],"about":[{"href":"https:\/\/ruegheim.de\/index.php\/wp-json\/wp\/v2\/types\/page"}],"author":[{"embeddable":true,"href":"https:\/\/ruegheim.de\/index.php\/wp-json\/wp\/v2\/users\/1"}],"replies":[{"embeddable":true,"href":"https:\/\/ruegheim.de\/index.php\/wp-json\/wp\/v2\/comments?post=617"}],"version-history":[{"count":1,"href":"https:\/\/ruegheim.de\/index.php\/wp-json\/wp\/v2\/pages\/617\/revisions"}],"predecessor-version":[{"id":633,"href":"https:\/\/ruegheim.de\/index.php\/wp-json\/wp\/v2\/pages\/617\/revisions\/633"}],"wp:attachment":[{"href":"https:\/\/ruegheim.de\/index.php\/wp-json\/wp\/v2\/media?parent=617"}],"curies":[{"name":"wp","href":"https:\/\/api.w.org\/{rel}","templated":true}]}}